{"id":547,"date":"2016-12-16T03:24:50","date_gmt":"2016-12-16T03:24:50","guid":{"rendered":"http:\/\/localhost\/buildpro\/?page_id=547"},"modified":"2024-08-20T13:50:01","modified_gmt":"2024-08-20T13:50:01","slug":"anasayfa","status":"publish","type":"page","link":"http:\/\/www.sungurogluinsaat.com\/","title":{"rendered":"Anasayfa"},"content":{"rendered":"<p>[vc_row parallax_bg=&#8221;true&#8221; parallax=&#8221;&#8221; css=&#8221;.vc_custom_1482394050368{padding-top: 0px !important;padding-bottom: 0px !important;}&#8221;][vc_column][rev_slider_vc alias=&#8221;home-21&#8243;][\/vc_column][\/vc_row][vc_row parallax_bg=&#8221;true&#8221; css=&#8221;.vc_custom_1481793684665{padding-bottom: 50px !important;}&#8221;][vc_column offset=&#8221;vc_col-md-4&#8243;]\n\t    <div class=\"feature-box-small-icon \">\n        <div class=\"inner\">\n            <span class=\"number\">1<\/span>\n            <div class=\"text\">\n                <h3>\u0130n\u015faat<\/h3>\n                \u0130n\u015faat Sekt\u00f6r\u00fcnde marka haline gelmi\u015f olan firmam\u0131z, tecr\u00fcbeli ve profesyonel ekibi ile etik de\u011ferlerden \u00f6d\u00fcn vermeden kaliteli i\u015fler \u00e7\u0131karmaktad\u0131r.            <\/div>\n        <\/div>\n    <\/div>\t\n    \n[vc_empty_space height=&#8221;30px&#8221;][\/vc_column][vc_column offset=&#8221;vc_col-md-4&#8243;]\n\t    <div class=\"feature-box-small-icon \">\n        <div class=\"inner\">\n            <span class=\"number\">2<\/span>\n            <div class=\"text\">\n                <h3>Yap\u0131 Onar\u0131m<\/h3>\n                Her \u00fcr\u00fcn oldu\u011fu gibi yap\u0131lar i\u00e7inde kullan\u0131lan \u00e7e\u015fitli malzemelerin de \u00f6mr\u00fc g\u00fcn ge\u00e7tik\u00e7e tamamlanmakta ve tadilat i\u015fleri ka\u00e7\u0131n\u0131lmaz hale gelmektedir.            <\/div>\n        <\/div>\n    <\/div>\t\n    \n[vc_empty_space height=&#8221;30px&#8221;][\/vc_column][vc_column offset=&#8221;vc_col-md-4&#8243;]\n\t    <div class=\"feature-box-small-icon \">\n        <div class=\"inner\">\n            <span class=\"number\">3<\/span>\n            <div class=\"text\">\n                <h3>Tadilat<\/h3>\n                Konutlar\u0131n\u0131za zarar verme noktas\u0131na gelmeden onar\u0131lan her yap\u0131 para, zaman ve emek a\u00e7\u0131s\u0131ndan \u00f6nemlidir. \u00d6zellikle, ya\u015f\u0131 10 y\u0131l\u0131 a\u015fm\u0131\u015f yap\u0131larda boru hatlar\u0131 ba\u015fta olmak \u00fczere g\u00f6zden ge\u00e7irilmesi, varsa ihtiya\u00e7 duyulan noktalar\u0131n tadilat kapsam\u0131na al\u0131nmas\u0131 \u00f6nerilir.            <\/div>\n        <\/div>\n    <\/div>\t\n    \n[vc_empty_space height=&#8221;30px&#8221;][\/vc_column][\/vc_row][vc_row][vc_column][vc_column_text]<\/p>\n<h2>Yapt\u0131klar\u0131m\u0131z<\/h2>\n<p>[\/vc_column_text]\n\t\t<div class=\"container project-filter\">\n\n        <!-- portfolio filter begin -->\n        <div class=\"row\">\n        \t            <div class=\"col-md-12\">\n                <ul id=\"filters\">\n                \t\t\t\t      \t<li><a href=\"#\" data-filter=\".konut\">Konut<\/a><\/li>\n\t\t\t    \t                    <li class=\"pull-right\"><a href=\"#\" data-filter=\"*\" class=\"selected\">All Projects<\/a><\/li>\n                <\/ul>\n            <\/div>\n                    <\/div>\n        <!-- portfolio filter close -->\n\n    <\/div>\n    \n\t<div id=\"gallery\" class=\"gallery full-gallery de-gallery pf_full_width pf_2_cols gallery_border\">\n\n                <div class=\"item konut \">\n            <div class=\"picframe\">\n            \t                <a href=\"http:\/\/www.sungurogluinsaat.com\/index.php\/portfolio\/kosk\/\">\n                                    <span class=\"overlay\">\n                        <span class=\"pf_text\">\n                            <span class=\"project-name\">K\u00f6\u015fk<\/span>\n                        <\/span>\n                    <\/span>\n                <\/a>\n                <img decoding=\"async\" src=\"http:\/\/www.sungurogluinsaat.com\/wp-content\/uploads\/2016\/12\/sunguroglu-kosk.jpeg\" alt=\"\" \/>\n            <\/div>\n        <\/div>\n                <div class=\"item konut \">\n            <div class=\"picframe\">\n            \t                <a href=\"http:\/\/www.sungurogluinsaat.com\/index.php\/portfolio\/basinevleri\/\">\n                                    <span class=\"overlay\">\n                        <span class=\"pf_text\">\n                            <span class=\"project-name\">Bas\u0131nevleri<\/span>\n                        <\/span>\n                    <\/span>\n                <\/a>\n                <img decoding=\"async\" src=\"http:\/\/www.sungurogluinsaat.com\/wp-content\/uploads\/2021\/03\/sunguroglu-basinevleri-e1616275605854.jpeg\" alt=\"\" \/>\n            <\/div>\n        <\/div>\n        \n    <\/div>\n\n        <style type=\"text\/css\">\n\t    .pf_full_width.gallery_border .picframe,\n\t    .gallery_border{\n\t    \tmargin: 15px;\n\t    }\n\t    .gallery_border{\n\t    \tmargin-top: -15px;\n\t    }\n\t    .container .gallery_border{\n\t    \tmargin-left: -15px;;\n\t    \tmargin-right: -15px;;\n\t    }\n    <\/style>\n    \n[\/vc_column][\/vc_row][vc_row equal_height=&#8221;yes&#8221; content_placement=&#8221;middle&#8221; parallax_bg=&#8221;true&#8221; css=&#8221;.vc_custom_1481776532520{background-image: url(http:\/\/demo.oceanthemes.net\/buildpro\/wp-content\/uploads\/2016\/12\/bg-44-1.jpg?id=455) !important;}&#8221;][vc_column offset=&#8221;vc_col-md-6&#8243;][vc_column_text css=&#8221;.vc_custom_1724161751814{margin-bottom: 10px !important;}&#8221;]<\/p>\n<h2>M\u00fc\u015fteriden \u00d6te Dostlar Kazan\u0131yoruz<\/h2>\n<p>[\/vc_column_text][vc_row_inner el_class=&#8221;more-20&#8243;][vc_column_inner width=&#8221;1\/2&#8243;]\n\t<figure class=\"pic-hover hover-scale\">\n        <span class=\"center-xy\">\n        \t            <a class=\"image-popup\" href=\"\">\n                <i class=\"fa fa-image btn-action btn-action-hide\"><\/i>\n            <\/a>\n                    <\/span>\n        <span class=\"bg-overlay\"><\/span>        <img decoding=\"async\" src=\"\" class=\"img-responsive\" alt=\"\">\n    <\/figure>\n\n    <h3 class=\"\">Vizyonumuz<\/h3>\n    <p>\n        Sunguro\u011flu \u0130n\u015faat 1982 y\u0131l\u0131nda, temel ta\u015flar\u0131 sa\u011flam yere basan bir firma olarak kurulmu\u015f ve kendinden emin ad\u0131mlarla ilerleyerek in\u015faat sekt\u00f6r\u00fcnde k\u00fc\u00e7\u00fck ve b\u00fcy\u00fck \u00e7apl\u0131 projelerle marka de\u011ferini korumu\u015ftur.\t<br>\n\t\t<a class=\"read_more mt10\" href=\"http:\/\/www.sungurogluinsaat.com\/index.php\/hakkimizda\/\" target=\"_self\">devam\u0131 <i class=\"fa fa-chevron-right id-color\"><\/i><\/a>    <\/p>\n    \t\n[\/vc_column_inner][vc_column_inner width=&#8221;1\/2&#8243;]\n\t<figure class=\"pic-hover hover-scale\">\n        <span class=\"center-xy\">\n        \t            <a class=\"image-popup\" href=\"\">\n                <i class=\"fa fa-image btn-action btn-action-hide\"><\/i>\n            <\/a>\n                    <\/span>\n        <span class=\"bg-overlay\"><\/span>        <img decoding=\"async\" src=\"\" class=\"img-responsive\" alt=\"\">\n    <\/figure>\n\n    <h3 class=\"\">Misyonumuz<\/h3>\n    <p>\n        Sunguro\u011flu \u0130n\u015faat olarak kalite, g\u00fcven ve teknolojiyi bir arada sunmak i\u00e7in t\u00fcm ekip ve personellerimizle \u00e7al\u0131\u015fmaktay\u0131z.\u00a0Yenilik\u00e7i ve \u00e7a\u011fda\u015f mimari yakla\u015f\u0131m\u0131m\u0131zla, yaln\u0131z bug\u00fcn i\u00e7in de\u011fil; y\u0131llar sonra da g\u00fcven ve konforu ya\u015fatabilecek modern, sa\u011flam ve kaliteli ya\u015fam alanlar\u0131 \u00fcretmeyi ama\u00e7lamaktay\u0131z.\t<br>\n\t\t<a class=\"read_more mt10\" href=\"http:\/\/www.sungurogluinsaat.com\/index.php\/hakkimizda\/\" target=\"_self\">devam\u0131 <i class=\"fa fa-chevron-right id-color\"><\/i><\/a>    <\/p>\n    \t\n[\/vc_column_inner][\/vc_row_inner][\/vc_column][vc_column offset=&#8221;vc_col-md-6&#8243;]\t<figure class=\"pic-hover hover-scale\">\n        <span class=\"center-xy\">\n            <a class=\"popup-vimeo\" href=\"https:\/\/www.youtube.com\/watch?v=rwvmru5JmXk\">\n                <i class=\"fa fa-play btn-play btn-action \"><\/i>\n            <\/a>\n        <\/span>\n        <span class=\"bg-overlay\"><\/span>\n        <img decoding=\"async\" src=\"http:\/\/www.sungurogluinsaat.com\/wp-content\/uploads\/2016\/12\/pic_8-1.jpg\" class=\"img-responsive\" alt=\"\">\n    <\/figure>\n\n[\/vc_column][\/vc_row]<\/p>\n","protected":false},"excerpt":{"rendered":"<p>[vc_row parallax_bg=&#8221;true&#8221; parallax=&#8221;&#8221; css=&#8221;.vc_custom_1482394050368{padding-top: 0px !important;padding-bottom: 0px !important;}&#8221;][vc_column][rev_slider_vc alias=&#8221;home-21&#8243;][\/vc_column][\/vc_row][vc_row parallax_bg=&#8221;true&#8221; css=&#8221;.vc_custom_1481793684665{padding-bottom: 50px !important;}&#8221;][vc_column offset=&#8221;vc_col-md-4&#8243;][vc_empty_space height=&#8221;30px&#8221;][\/vc_column][vc_column offset=&#8221;vc_col-md-4&#8243;][vc_empty_space height=&#8221;30px&#8221;][\/vc_column][vc_column offset=&#8221;vc_col-md-4&#8243;][vc_empty_space height=&#8221;30px&#8221;][\/vc_column][\/vc_row][vc_row][vc_column][vc_column_text] Yapt\u0131klar\u0131m\u0131z [\/vc_column_text][\/vc_column][\/vc_row][vc_row equal_height=&#8221;yes&#8221; content_placement=&#8221;middle&#8221; parallax_bg=&#8221;true&#8221; css=&#8221;.vc_custom_1481776532520{background-image: url(http:\/\/demo.oceanthemes.net\/buildpro\/wp-content\/uploads\/2016\/12\/bg-44-1.jpg?id=455) !important;}&#8221;][vc_column offset=&#8221;vc_col-md-6&#8243;][vc_column_text css=&#8221;.vc_custom_1724161751814{margin-bottom: 10px !important;}&#8221;] M\u00fc\u015fteriden \u00d6te Dostlar Kazan\u0131yoruz [\/vc_column_text][vc_row_inner el_class=&#8221;more-20&#8243;][vc_column_inner width=&#8221;1\/2&#8243;][\/vc_column_inner][vc_column_inner width=&#8221;1\/2&#8243;][\/vc_column_inner][\/vc_row_inner][\/vc_column][vc_column offset=&#8221;vc_col-md-6&#8243;][\/vc_column][\/vc_row]<\/p>\n","protected":false},"author":1,"featured_media":0,"parent":0,"menu_order":0,"comment_status":"closed","ping_status":"closed","template":"page-templates\/template-canvas.php","meta":{"footnotes":""},"class_list":["post-547","page","type-page","status-publish","hentry"],"_links":{"self":[{"href":"http:\/\/www.sungurogluinsaat.com\/index.php\/wp-json\/wp\/v2\/pages\/547"}],"collection":[{"href":"http:\/\/www.sungurogluinsaat.com\/index.php\/wp-json\/wp\/v2\/pages"}],"about":[{"href":"http:\/\/www.sungurogluinsaat.com\/index.php\/wp-json\/wp\/v2\/types\/page"}],"author":[{"embeddable":true,"href":"http:\/\/www.sungurogluinsaat.com\/index.php\/wp-json\/wp\/v2\/users\/1"}],"replies":[{"embeddable":true,"href":"http:\/\/www.sungurogluinsaat.com\/index.php\/wp-json\/wp\/v2\/comments?post=547"}],"version-history":[{"count":9,"href":"http:\/\/www.sungurogluinsaat.com\/index.php\/wp-json\/wp\/v2\/pages\/547\/revisions"}],"predecessor-version":[{"id":1221,"href":"http:\/\/www.sungurogluinsaat.com\/index.php\/wp-json\/wp\/v2\/pages\/547\/revisions\/1221"}],"wp:attachment":[{"href":"http:\/\/www.sungurogluinsaat.com\/index.php\/wp-json\/wp\/v2\/media?parent=547"}],"curies":[{"name":"wp","href":"https:\/\/api.w.org\/{rel}","templated":true}]}}